v.
6
Suppose 30 = 5*w + w. Suppose -102 = -w*u + 303. Calculate the highest common divisor of 54 and u.
27
Suppose -4*f + 18 + 2 = 0. Let p(k) = 12*k - 5. Let m be p(f). What is the greatest common divisor of 5 and m?
5
Let j be (-25)/((-1)/(2/((-2)/(-1)))). Let q(t) = 76*t - 1. Let l be q(1). Calculate the greatest common divisor of l and j.
25
Let x be 47/3 - 2/3. Let y(b) = 4*b + 1. Let v(s) = 9*s + 3. Let j(w) = 2*v(w) - 5*y(w). Let p be j(-2). What is the greatest common factor of p and x?
5
Suppose -v = -0*v + x - 20, x - 44 = -2*v. What is the highest common divisor of 6 and v?
6
Suppose -k = -0*k - 18. Suppose 0 = 3*m - b - 33, -5*b + b + 12 = 0. What is the highest common divisor of m and k?
6
Let d(y) = -94*y**2 - 2*y + 1. Let u be d(1). Let m = -51 - u. Calculate the greatest common factor of m and 4.
4
Let n = 115 + -59. Let z(b) = b**2 + 2*b - 3. Let m be z(3). Suppose 2*v - m = -r, -3*v - 5*r = -6*v + 31. What is the greatest common divisor of n and v?
7
Let b be (-20)/(0 + 0 + -2). Suppose 5*o + b - 110 = 0. What is the greatest common divisor of o and 140?
20
Suppose 2*w - 25 = 3. What is the highest common factor of w and 154?
14
Suppose y + 3 = 6. Calculate the highest common divisor of 1 and y.
1
Let k be ((1 - 0) + 0)/((-3)/(-33)). Let o(h) = 3*h**3 - 2*h + 1. Let a be o(1). Suppose 5 = 3*c + a*c. What is the highest common divisor of c and k?
1
Let b(u) = -46*u - 3. Let a be b(-2). Let k = a - -32. Let j = 27 + -16. Calculate the highest common divisor of k and j.
11
Let o be (-2)/(-6) - 84/9. Let i = o + 13. Suppose -i*z = -0*z - 180. What is the highest common factor of z and 15?
15
Let b(x) = x**3 - 11*x**2 + 10*x + 19. Let s be b(10). What is the highest common divisor of 133 and s?
19
Let h = -28 + 70. Let q be 1/((2/(-14))/(-1)). Calculate the highest common factor of h and q.
7
Let d(j) = -j**3 + 6*j**2 - 7*j + 10. Let p be d(5). Suppose -k - 7 + 34 = p. What is the greatest common factor of 18 and k?
9
Let n be -3 + 1 + 4/(-2). Let v = n + 12. What is the greatest common factor of v and 56?
8
Let a = 14 - 6. Suppose -a*g + 4*g = -92. Calculate the highest common divisor of g and 230.
23
Suppose 4*g + 3*c - 183 = 0, -5*g + g - 2*c = -182. What is the greatest common factor of 27 and g?
9
Let p = -41 - -49. What is the greatest common divisor of p and 56?
8
Let b(d) = d + 10. Let g be b(0). Suppose -5*p - 5*w = -410, 3*w = 3*p + w - 236. What is the highest common factor of p and g?
10
Let a = 121 - 94. What is the greatest common divisor of a and 27?
27
Suppose -s - 2*s = 4*t - 352, 5*s - 568 = -2*t. What is the greatest common divisor of 16 and s?
16
Let f(t) = 4*t**2 - 4*t - 3. Let p be f(-2). Suppose 0 = 3*c + 4 + 14. Let d be (4/c)/((-4)/18). Calculate the greatest common factor of d and p.
3
Suppose a = 3*a. Suppose a*l + 2*l - 12 = 0. What is the greatest common divisor of l and 2?
2
Suppose -50 = -x - 4*x. Let k = 3 + 1. Calculate the highest common factor of k and x.
2
Let w be ((-9)/6)/(6/(-88)). Calculate the highest common divisor of w and 2.
2
Let p be -1 + (-1 - -1) - -4. Suppose 2*b = -21 + 39. What is the highest common divisor of b and p?
3
Let d be 4*4/8*2. Calculate the highest common divisor of 8 and d.
4
Let f be 0 + 14 - (7 - 8). Suppose -5*p + 27 = -123. What is the highest common divisor of p and f?
15
Let c = 0 + 2. Calculate the greatest common divisor of 12 and c.
2
Let j = -5 - -5. Suppose j = -2*f + 1 + 9. Suppose 2*y + p + p - 46 = 0, f*y + 4*p = 112. Calculate the greatest common factor of y and 4.
4
Let h(g) = g + 274. Let t be h(0). Suppose 4*i - 33 = 5*s - t, s - i - 49 = 0. Calculate the highest common factor of 9 and s.
9
Let j = 4 - -5. Calculate the highest common factor of j and 72.
9
Let p(b) = b**2 + 8*b. Let q be p(-6). Let n = 17 + q. Suppose 0 = 3*c - 5 - 10. Calculate the highest common divisor of c and n.
5
Let l be -3 + -2 + 1 + 13. Calculate the greatest common factor of 9 and l.
9
Let f be (-23230)/110 - (-2)/11. Let y = -133 - f. Calculate the greatest common factor of y and 52.
26
Suppose -3*z + 7 = -11. Suppose z = w - 6*l + 2*l, -3*w = 2*l - 32. Let a = 64 - -16. What is the highest common divisor of w and a?
10
Suppose 8 = b - 3*d, 0 = -d - 0 + 4. Let j be (1/3)/((-3)/(-72)). Let c(w) = 3*w**2 - 4*w. Let n be c(j). What is the highest common factor of n and b?
20
Let x(g) = 13*g**2. Let u be x(1). Calculate the greatest common divisor of u and 117.
13
Suppose -159 = -3*p - l + 34, -4*p = -l - 248. Let z(r) = -r**3 + r**2 - r + 21. Let g be z(0). What is the greatest common factor of p and g?
21
Suppose 0 = 4*x - 5*x + 112. What is the greatest common factor of 16 and x?
16
Let l(f) = f - 2. Suppose -p + 7 = b, -5*p + 20 = -3*p + 5*b. Let k be l(p). Calculate the greatest common divisor of k and 21.
3
Suppose -3*d = -9*d + 24. Calculate the highest common divisor of d and 4.
4
Suppose 9 = -2*m - 1. Let d be 9*m/((-45)/6). What is the greatest common divisor of 4 and d?
2
Suppose 3*u + 13 = 103. Let z = u - 15. What is the highest common factor of 135 and z?
15
Suppose -2*z + 4*x + 25 = z, 3*z - x - 31 = 0. Calculate the greatest common factor of 1 and z.
1
Suppose -c = -m + 6, -6*m + 24 = -m - 2*c. Suppose 5 = 3*a - m. Let t(u) = 10*u. Let v be t(a). Calculate the highest common divisor of v and 6.
6
Let m(o) = 61*o**2 - o. Let u be m(1). Let j = -5 - -20. What is the greatest common factor of u and j?
15
Suppose m = 2*m - 45. What is the greatest common factor of 18 and m?
9
Suppose 47 + 74 = 11*v. Suppose 4*g - g - 358 = -4*a, 2*g = 4. What is the highest common factor of a and v?
11
Suppose b = 3 + 5. Let c(r) = r**3 + r**2. Let i be c(-2). Let l be i/3*9/(-6). What is the highest common divisor of b and l?
2
Suppose -2 = -c - 0. Let z(s) = -1. Let v(h) = h + 11. Let o(q) = 2*v(q) + 18*z(q). Let m be o(7). Calculate the highest common divisor of c and m.
2
Let g = 223 - 118. Suppose 3 + g = 4*b. What is the greatest common factor of 3 and b?
3
Let t = 19 + -16. Let m be (-1 + 31/t)*3. What is the greatest common factor of m and 42?
14
Let s be (0 - -40)/(1/4). Let b = -4 - -20. Calculate the greatest common factor of s and b.
16
Suppose -5*i + 41 = 4*j, 2*i + 41 = 4*j + 7. What is the greatest common divisor of 45 and j?
9
Let g(r) = -r**3 + 2 - 2 + 0 + 9*r**2 - 6*r - 5. Let u be g(8). Calculate the greatest common divisor of u and 121.
11
Suppose -u + 5*u + 8 = 0. Let r be ((-9)/u)/(6/16). Let l be 2608/24 - (-2)/(-3). What is the greatest common factor of l and r?
12
Suppose 3*i = 120 - 0. Calculate the highest common divisor of 320 and i.
40
Let n(i) = i**2. Suppose 25 = y - 5*l + l, 5*l + 20 = -y. Suppose 3*f = -y - 1. Let m be n(f). Calculate the greatest common factor of 10 and m.
2
Suppose -4*i - 2*n = 32 - 2, 4*n + 12 = -2*i. Let k = i + 12. Calculate the highest common divisor of 6 and k.
2
Suppose 4 = 4*q, 172 = 5*r - 5*q + 2*q. Suppose 5*m = t + 3 - 12, m + 41 = 3*t. What is the greatest common divisor of r and t?
7
Suppose -8*l = q - 4*l - 2, 2*q = -4*l + 8. Suppose 2*o = -o + 12. Calculate the highest common factor of o and q.
2
Let n(m) = -m**2 + 8*m - 4. Let g be n(5). Let s be (-11 - 0)*(7*2)/(-2). What is the greatest common divisor of s and g?
11
Let y(b) = b**2 + 2*b - 7. Let i be y(3). What is the highest common factor of 40 and i?
8
Let l be 1/(-7) + 2620/14. What is the greatest common divisor of 17 and l?
17
Suppose -2*y - 9 - 1 = 0, r + 2*y - 31 = 0. Suppose 13 = -2*l + r. Suppose 0 = -3*g - 1 + 22. What is the greatest common factor of g and l?
7
Suppose -1 = -3*c + 59. Suppose 3*s - 130 = -10. Calculate the highest common factor of c and s.
20
Suppose 48 = 12*y - 9*y. Let v be 5/((-30)/(-8))*3. Suppose -a - 2*a = 3*p - 87, -68 = -2*a - v*p. What is the greatest common factor of a and y?
8
Let i be (-1 - -2)/((-1)/(-8)). Let w = 15 - 7. Calculate the highest common factor of i and w.
8
Let x = 191 + -184. What is the highest common divisor of 112 and x?
7
Let x = -99 - -180. Suppose 0 = q - 6 - 3. Calculate the greatest common factor of q and x.
9
Let l be (-16 - -15)*4*-1. What is the highest common divisor of 10 and l?
2
Let q = -3 + 8. Suppose 3*o - 5*u - 75 = 0, -6 = -0*u - 2*u. Suppose o = 5*r + 5. Calculate the highest common 